st common divisor of 51 and w.
17
Let g(w) = 3*w**2 - w + 2. Let o be g(2). Suppose -336 = -5*b - 2*b. What is the greatest common factor of b and o?
12
Let l be 9 - (-2 - 1 - -3). Let m be (-126)/(-15) - l/(-15). What is the highest common factor of m and 18?
9
Let m(k) = k**2 + 4*k + 3. Suppose 7 = 5*q + 27. Let y be m(q). Suppose 2*t - 1 = y. Calculate the greatest common divisor of t and 3.
1
Suppose -3*f + 72 = -180. Suppose -11*b + 10*b = -12. Calculate the highest common divisor of f and b.
12
Let a be 3/(-4)*64/(-24). Let r = 15 + a. Calculate the greatest common factor of r and 17.
17
Suppose 4*m + a - 21 = 0, -12 + 0 = -4*m - 4*a. Calculate the greatest common divisor of m and 66.
6
Let b(d) = -4*d + 108. Let k be b(17). Calculate the greatest common factor of 30 and k.
10
Suppose -3*m + 13 - 4 = 0. Calculate the highest common divisor of m and 2.
1
Suppose 336 = 4*q - 0*q. Calculate the greatest common factor of q and 21.
21
Let n(x) = -4*x. Let l be 12/54 + (-47)/9. Let a be n(l). Calculate the greatest common factor of a and 30.
10
Suppose 3*r + 529 - 2494 = 0. Suppose 0 = -5*x - 5*h + r, -4*h + 0*h = 3*x - 398. What is the greatest common factor of 18 and x?
18
Suppose 5*f - 287 + 37 = 0. Suppose 25 = 2*l + 2*m + 9, -5*l - m + 48 = 0. Calculate the highest common factor of l and f.
10
Let y be 12/4 - (0 + 1). Calculate the highest common divisor of y and 10.
2
Let o = -33 + 39. What is the highest common divisor of 2 and o?
2
Let s be (-456)/(-12) - (-1 - -4). Calculate the greatest common factor of s and 7.
7
Let h(y) = y - 3. Let f be 32/6 - 1/3. Let a be h(f). Suppose a*m - 28 - 7 = -5*p, 5*m - 4*p - 5 = 0. Calculate the greatest common factor of 10 and m.
5
Let o = 65 + -20. Let g be 11 + (-2)/(2 - 1). Calculate the highest common divisor of g and o.
9
Suppose 5*v + 3*x - 5 = -2, 5*x = 2*v + 5. Suppose v = -5*z + d + 40, -d - 32 = z - 5*z. Calculate the highest common factor of z and 16.
8
Suppose -17 = -n + p - 0*p, 40 = 2*n + p. What is the greatest common divisor of n and 152?
19
Suppose 5*a + 50 = 2*c + 2*a, -2*a = 5*c - 144. Let i(x) = 2*x + 32. Let n be i(-14). Calculate the highest common factor of n and c.
4
Let p(h) = h**2 - 9*h - 7. Let x be p(10). Suppose -x*v + 0*v = -33. Let r(d) = 4*d**2 - 1. Let w be r(5). Calculate the highest common factor of w and v.
11
Let s = 15 - 9. Suppose -r = -s*r + 80. Suppose g - 13 = -x + 1, 0 = -4*x - r. Calculate the highest common factor of g and 27.
9
Suppose 3*g - 4*g = -4*x + 7, 3*x + 5*g + 12 = 0. Suppose 8 = 2*d - 2. What is the highest common factor of x and d?
1
Let x be (-2 + 0)/(-2 - 145/(-75)). What is the greatest common factor of x and 10?
10
Suppose t - 50 = -4*t. Suppose k = -0*k + t. What is the greatest common factor of k and 40?
10
Let b be (-3 + 0 + -13)*-4. What is the highest common divisor of 16 and b?
16
Let k be (44/(-5))/((-17)/510). Calculate the greatest common factor of k and 24.
24
Let i be (-10)/35 + 256/14. Calculate the greatest common divisor of i and 90.
18
Let x = -47 + 57. What is the highest common factor of 5 and x?
5
Suppose -72 - 24 = -4*v. Calculate the greatest common factor of 30 and v.
6
Let p(c) = c**3 + 9*c**2 - 11*c - 8. Let x be p(-10). What is the greatest common factor of x and 5?
1
Let m be ((-36)/21)/(2/(-21)). What is the greatest common factor of 2 and m?
2
Let j = 19 - -157. Calculate the highest common factor of j and 22.
22
Suppose 0*d - 5*f = d + 1, -1 = f. Let p = 7 - d. Suppose 0 = -2*z + 8, 2*q + 2*z - p*z - 14 = 0. What is the greatest common factor of q and 36?
9
Let j = 3 + 0. Suppose 4*z = -5*v + 101, 2*z - 59 = -j*v - 2*z. What is the greatest common divisor of 147 and v?
21
Let m be (-3*1)/((-2)/4*3). Suppose 0 = -0*d - 3*d + 21. Suppose m*p + d = 45. What is the highest common divisor of p and 152?
19
Suppose x = -5*v + 275, 3*x = 3*v + 4*x - 165. What is the highest common factor of v and 11?
11
Suppose -3 = v - 2. Let i be v + (-1)/((-3)/315). Calculate the greatest common divisor of i and 13.
13
Let m(n) = -11*n + 2 - 10 - 2*n. Let g be m(-6). Suppose 4*b + 22 = g. What is the greatest common factor of b and 36?
12
Suppose 0 = -5*h + 2*h + 54. Let k(q) = q**2 + 4*q + 7. Let z be k(-5). Calculate the greatest common factor of h and z.
6
Let b(t) = t**3 + 8*t**2 + 6*t - 8. Let a be b(-7). Let u be 3/(a/4*-3). Let v be (-3)/((-1)/(-1) + 10/(-4)). Calculate the greatest common divisor of u and v.
2
Suppose -19 = s - 3*f - f, -4*s = -4*f + 16. What is the highest common divisor of s and 1?
1
Let x(d) = -d**3 + 3*d**2 + d. Let y be x(2). Suppose -y*b = -b - 35. What is the greatest common divisor of b and 7?
7
Suppose 58 = 4*n - 14. Let t = 17 + -11. What is the highest common factor of t and n?
6
Let h be (-1 - 0)/(9/(-18)). Suppose 0 = h*d + 2*d - 16. Let g be -15*d/(12/(-9)). Calculate the greatest common divisor of g and 9.
9
Let n = 11 + -7. Suppose -n*z = -5*d - 209, -3*z + d = -44 - 121. What is the greatest common factor of z and 14?
14
Let u(k) = k**2 + 3*k + 2. Let a be u(-4). Let p(o) = 2*o - 2. Let t be p(a). Suppose 40 = 16*m - 12*m. What is the greatest common divisor of m and t?
10
Let t = 38 + -27. Suppose -41 = -r + 25. What is the greatest common factor of r and t?
11
Let z(d) = -d**2 - 5*d + 23. Let y be z(-7). Calculate the greatest common factor of 99 and y.
9
Suppose 0 = a - 5 - 0. Calculate the greatest common divisor of 10 and a.
5
Let h(y) = -y**3 - 5*y**2 + 5*y**2 + 7 + y. Suppose -5*b - 4*x + 20 = 0, -3*x - x + 20 = -3*b. Let z be h(b). What is the greatest common divisor of z and 77?
7
Let l(u) = -u**3 - 6*u**2 + 7*u - 15. Let n be l(-9). Calculate the greatest common divisor of n and 15.
15
Suppose 0 = 2*r - r + 55. Let l = -27 - r. Calculate the greatest common factor of 4 and l.
4
Suppose -4*b + 2*g + 38 = 0, -4*b + 3*g + 4 = -37. Calculate the highest common divisor of b and 40.
8
Let n(s) = -2*s**2 + 13. Let i be n(0). Calculate the highest common divisor of 117 and i.
13
Let b = 14 - -6. Let f = -8 - -27. Let a = b + f. What is the highest common factor of a and 13?
13
Let g be (-19 + -5)*4/(-3). What is the greatest common factor of 8 and g?
8
Suppose -2*p - 3*t = -3, 4*p - t + 3 = 30. Let u be 3 + (p/3 - 12). Let z = u - -18. Calculate the highest common divisor of 11 and z.
11
Let k be 1/3 + 114/9. Suppose -280 = -5*z - 85. Calculate the highest common factor of z and k.
13
Suppose 5*l - 79 - 46 = 0. Suppose -6*a + 4*a = -10. What is the highest common divisor of a and l?
5
Let r(l) = 10*l + 13. Let d(n) = -n**2 - n. Let z(h) = -2*d(h) - r(h). Let b be z(9). Calculate the highest common factor of 7 and b.
7
Let i be (-2219)/(-147)*3 - (-4)/(-14). What is the greatest common factor of 315 and i?
45
Let q be (18/8 + -3)*-4. What is the greatest common factor of 9 and q?
3
Let g be ((-288)/(-20))/((-3)/(-60)). Calculate the greatest common divisor of 36 and g.
36
Suppose 2*l - 85 = 5*t, 6*l - 2*t - 100 = 3*l. Calculate the greatest common factor of 90 and l.
30
Suppose -7*u - 234 = -16*u. Suppose 32 = 4*x - 4*r, -x + 2*r + 3 = -0. Calculate the greatest common divisor of u and x.
13
Let x(m) = 9*m + 4*m**2 - 5*m**2 + 2 - 2. Let k be x(7). What is the highest common factor of 7 and k?
7
Suppose -3*u = -4*u. Suppose -5*l = -u*l - 150. Let y be (-3)/((-3)/l*2). Calculate the highest common divisor of 30 and y.
15
Let c(i) = -i - 2. Let x be c(-2). Let y be x + 1 + 4/4. What is the greatest common divisor of y and 2?
2
Let m = -14 - -15. Let g(z) = 18*z**3 + z**2 - 1. Let y be g(m). What is the highest common divisor of 9 and y?
9
Suppose 0 = -7*f + 143 - 38. Calculate the greatest common divisor of f and 3.
3
Let m(q) = 3*q**2 - q + 1. Let z be m(-6). Calculate the highest common divisor of z and 46.
23
Let q = -158 - -100. Let f = q + 102. Let b = -80 - -91. Calculate the greatest common factor of f and b.
11
Let s(d) = d + 4. Let o be s(-2). Let v = 14 - 6. Calculate the highest common divisor of v and o.
2
Let i = 8 + -6. Suppose 3*z = -i*z. Suppose z = -l + 2*l - 4. Calculate the greatest common factor of 8 and l.
4
Let h = 19 - 16. Calculate the greatest common divisor of 24 and h.
3
Let n(s) = -s**2 - 9*s - 15. Let d be n(-6). What is the greatest common divisor of 12 and d?
